
In base 11, what is -243 + 6?
-238
In base 5, what is -3 + 120?
112
In base 2, what is 101 + 101101101101?
101101110010
In base 2, what is 110 + 10001?
10111
In base 13, what is 42 - 71?
-2c
In base 3, what is -12111 - -11?
-12100
In base 10, what is -476 + 5?
-471
In base 8, what is -5111 - 5?
-5116
In base 10, what is -1 - -708?
707
In base 8, what is 335 - 2?
333
In base 5, what is -41 - -300?
204
In base 6, what is 0 - -31154?
31154
In base 11, what is 3 - -7a?
82
In base 5, what is 10314 + -32?
10232
In base 3, what is 210 + -1000210?
-1000000
In base 13, what is -4 + 15?
11
In base 13, what is 0 - -29?
29
In base 11, what is -4 + -128?
-131
In base 11, what is -10 + 3?
-8
In base 5, what is -4 - -2221?
2212
In base 15, what is -186 - 48?
-1ce
In base 6, what is -2 + -114?
-120
In base 13, what is 13b - 0?
13b
In base 3, what is 112 + -12?
100
In base 8, what is 4 - 2650?
-2644
In base 15, what is -1eb + -3?
-1ee
In base 4, what is 1203 + -2?
1201
In base 11, what is 5241 + 5?
5246
In base 14, what is 1 + -405?
-404
In base 16, what is -1 - -1d?
1c
In base 6, what is 213 + -3?
210
In base 15, what is b + -1e?
-13
In base 15, what is 3e6 + 3?
3e9
In base 12, what is -196 - 3?
-199
In base 16, what is -1 + 261?
260
In base 4, what is -2111 + -103?
-2220
In base 15, what is -40 + 0?
-40
In base 10, what is -30235 - 4?
-30239
In base 10, what is -60 + 39?
-21
In base 13, what is 4 + -154?
-150
In base 8, what is 336 - -13?
351
In base 4, what is -2003 - -1?
-2002
In base 6, what is -1 - 34?
-35
In base 9, what is -842 - -10?
-832
In base 11, what is 3351 - 1?
3350
In base 6, what is 5520 - -5?
5525
In base 6, what is 1435 - 2?
1433
In base 8, what is -7 - -270?
261
In base 5, what is -20 + -10?
-30
In base 3, what is 11 + 1012?
1100
In base 5, what is -430 - -2?
-423
In base 7, what is 3 - 32?
-26
In base 6, what is 2 + 30?
32
In base 13, what is -84 + a?
-77
In base 5, what is -10 - 132?
-142
In base 5, what is 0 - 1144?
-1144
In base 12, what is -3 + -958?
-95b
In base 9, what is -10 - -8?
-1
In base 6, what is 150 - 1?
145
In base 9, what is 7227 - 4?
7223
In base 11, what is 10279 + 4?
10282
In base 14, what is 2a - 1dd?
-1b3
In base 9, what is -2 - 4400?
-4402
In base 13, what is 5b + -2?
59
In base 16, what is 193 - -5?
198
In base 16, what is -526 + 0?
-526
In base 13, what is 5 + -53?
-4b
In base 12, what is -6 + -1309?
-1313
In base 16, what is -33 - -12a?
f7
In base 14, what is -88d - -2?
-88b
In base 8, what is -1217 + -27?
-1246
In base 10, what is -4 + 19?
15
In base 2, what is 101 - -10100001?
10100110
In base 7, what is 6014 - -1?
6015
In base 5, what is 10 + 203?
213
In base 8, what is -27 + 36?
7
In base 9, what is -1 - 181?
-182
In base 13, what is 23 + 53?
76
In base 16, what is -7 - -cc3?
cbc
In base 7, what is -16 - 44?
-63
In base 14, what is -1c3 + 1?
-1c2
In base 13, what is -2 - 12?
-14
In base 15, what is 3 - -10?
13
In base 9, what is 2 + 5?
7
In base 6, what is -4121 - -13?
-4104
In base 10, what is -10 - -1001?
991
In base 15, what is -2 + e?
c
In base 5, what is 3243 + 0?
3243
In base 9, what is 2 - -35?
37
In base 13, what is -1 - 80?
-81
In base 13, what is 62 - 73?
-11
In base 7, what is 3 - -14?
20
In base 2, what is 1110111101 - 10?
1110111011
In base 4, what is 100 - 1023?
-323
In base 12, what is -7 + 364?
359
In base 11, what is -2a + -64?
-93
In base 16, what is 22 + -d?
15
In base 15, what is 9 - -8?
12
In base 9, what is -80 - 4?
-84
In base 12, what is -4 - -399?
395
In base 7, what is 4 - 210?
-203
In base 16, what is -1 + 3a?
39
In base 6, what is -2 + -20?
-22
In base 3, what is 0 + 2022?
2022
In base 15, what is -8 + 1?
-7
In base 13, what is 6 + cc?
105
In base 11, what is 3 + -53?
-50
In base 5, what is 104 + 0?
104
In base 2, what is 0 + -10111000101?
-10111000101
In base 13, what is 386 - -1?
387
In base 11, what is -5a - 447?
-4a6
In base 16, what is -42 - 8?
-4a
In base 13, what is 530 - -4?
534
In base 4, what is -10 - -20123?
20113
In base 11, what is -59 - -400?
352
In base 13, what is 37 - 234?
-1ca
In base 10, what is 1 + 185?
186
In base 16, what is 6 - 28?
-22
In base 7, what is 0 - 103?
-103
In base 12, what is 4 - -44?
48
In base 10, what is -9 - 14?
-23
In base 7, what is 5 - -345?
353
In base 4, what is 320 - 112?
202
In base 5, what is -21 + 2434?
2413
In base 5, what is -3034 - 112?
-3201
In base 6, what is 22 - 11455?
-11433
In base 6, what is -5 + 111?
102
In base 12, what is -79 - -b2?
35
In base 14, what is -d - 2d?
-3c
In base 9, what is 12 - 402?
-380
In base 10, what is 145 - 3?
142
In base 15, what is 5 - 10a?
-105
In base 2, what is 1010111100 + 10?
1010111110
In base 13, what is 3 + -3b?
-38
In base 15, what is -4 + 5?
1
In base 10, what is -5 - -68?
63
In base 8, what is 74 + -5?
67
In base 9, what is 11357 - -3?
11361
In base 11, what is -11 + -4?
-15
In base 16, what is b + -a?
1
In base 16, what is 0 + 2e9?
2e9
In base 13, what is -49 - 22?
-6b
In base 12, what is 8b + 78?
147
In base 15, what is 36 - -d?
44
In base 6, what is 4 + -1125?
-1121
In base 10, what is 0 - 17?
-17
In base 14, what is -7b + 8?
-73
In base 12, what is -2 - 21?
-23
In base 14, what is -546 + -3?
-549
In base 2, what is -1100111 - -1101?
-1011010
In base 13, what is 0 + -1a5?
-1a5
In base 8, what is 5 - 10130?
-10123
In base 9, what is 376 - -4?
381
In base 5, what is -11322 - 3?
-11330
In base 4, what is -2 + -130?
-132
In base 8, what is -257 + -5?
-264
In base 16, what is -8d + 14?
-79
In base 11, what is -4 + -278?
-281
In base 11, what is -5 - -2a4?
29a
In base 4, what is 213 - 120?
33
In base 11, what is 813 - 9?
805
In base 16, what is -40 + 1?
-3f
In base 9, what is -1263 + -4?
-1267
In base 10, what is 15 + 56?
71
In base 16, what is -12a1 + -1?
-12a2
In base 10, what is -5 - -517?
512
In base 8, what is 503 + -3?
500
In base 9, what is 32 - 12?
20
In base 16, what is 2448 - 0?
2448
In base 14, what is -512 - -5?
-50b
In base 8, what is 664 - -13?
677
In base 16, what is -123 - -4?
-11f
In base 11, what is 236 - -5?
240
In base 5, what is 142 - 4?
133
In base 15, what is 4 - -1e0a?
1e0e
In base 7, what is -51 + 5?
-43
In base 9, what is 13 - 1211?
-1187
In base 13, what is -5 + -11?
-16
In base 5, what is -2 - -214?
212
In base 4, what is 130 + 311?
1101
In base 12, what is -22b + -5?
-234
In base 8, what is 62 - 14?
46
In base 10, what is 39 - 23?
16
In base 8, what is -1066 + -30?
-1116
In base 10, what is 2 - -43?
45
In base 2, what is -100010100001 - 1?
-100010100010
In base 15, what is -3 - -3b?
38
In base 10, what is -44 - -56?
12
In base 9, what is 75 - 0?
75
In base 10, what is -4 + 0?
-4
In base 13, what is -a41 - -5?
-a39
In base 3, what is 100222 - -2?
101001
In base 11, what is -380 + 0?
-380
In base 11, what is -1 + -25?
-26
In base 6, what is -34 - 23?
-101
In base 9, what is -6726 + -4?
-6731
In base 2, what is 110 + 11?
1001
In base 11, what is -3 - 22?
-25
In base 4, what is 1 + -13320?
-13313
In base 5, what is -411 + 0?
-411
In base 12, what is -45a - 1?
-45b
In base 5, what is 11 - 2444?
-2433
In base 10, what is 4 - 32?
-28
In base 7, what is 13 - 312?
-266
In base 15, what is -2 + -4a?
-4c
In base 16, what is 87 + 0?
87
In base 11, what is 18 + -7?
11
In base 16, what is -6 - 4a3?
-4a9
In base 11, what is -2a - 23?
-52
In base 9, what is 2152 - 20?
2132
In base 7, what is -13 + 10?
-3
In base 11, what is 26 + 325?
350
In base 6, what is 233 + -4?
225
In base 6, what is 2 + -41410?
-41404
In base 7, what is 3143 - 5?
3135
In base 12, what is 3a - 30?
a
In base 15, what is 14 + 5?
19
In base 8, what is 642 + 4?
646
In base 9, what is 220 + -5?
214
In base 4, what is 10010200 + 2?
10010202
In base 10, what is -52 - 4?
-56
In base 5, what is 2 - -143?
200
In base 3, what is -1212 + 1?
-1211
In base 9, what is 10 + -13?
-3
In base 4, what is -1 + -130?
-131
In base 16, what is 0 + 70d?
70d
In base 6, what is -1104 - -4?
-1100
In base 3, what is 1022011 + 1?
1022012
In base 5, what is 0 - 10104?
-10104
In base 14, what is 5 + 26?
2b
In base 8, what is 23 + 3?
26
In base 8, what is -13 - -27?
14
In base 9, what is -111 - 1?
-112
In base 7, what is 6512 - -5?
6520
In base 6, what is -14 - 0?
-14
In base 11, what is -23 + -183?
-1a6
In base 3, what is -112202122 -